Suppose -14*d + 6*d = -k. What are the prime factors of d?
2, 601
Let j(m) = 3 + 3*m - 4*m**2 + 4 + 1. Let x(i) = -4*i**2 + 2*i + 7. Let s(c) = 6*j(c) - 7*x(c). List the prime factors of s(4).
79
Let k = 226 + -184. Suppose -k = -4*u + 162. List the prime factors of u.
3, 17
Let w = -371 - -355. What are the prime factors of (w/30*-321)/(4/10)?
2, 107
Let a(v) be the third derivative of v**5/6 - v**4/24 + v**3/6 + 32*v**2 + v. Suppose -4*t + 8 = -4*r - t, -3*r = -2*t + 5. List the prime factors of a(r).
2, 5
Let x(d) = 536*d**2 - 35*d + 119. What are the prime factors of x(6)?
5, 23, 167
Suppose -307 = -4*b - m, -31*b + 28*b - 3*m = -237. What are the prime factors of b?
2, 19
Let r(s) = 3*s**2 + 0*s + 3*s - 1 - 3 - 2*s**2. List the prime factors of r(-23).
2, 3, 19
List the prime factors of ((4 - 39/6) + 1)/(3/(-68916)).
2, 3, 5743
Let t(p) = 31*p**2 - 314*p - 6927. List the prime factors of t(-25).
2, 3, 17, 199
Suppose -2*o + 1388 = -2*j - 1774, 0 = -5*o - 5*j + 7895. What are the prime factors of o?
2, 5, 79
Let h(y) = y**2 + 28*y - 26. Let i be h(-29). What are the prime factors of (i/6 - 0) + (-1395)/(-10)?
2, 5, 7
Suppose 142 = 4*w - g - g, 3*w - 111 = 3*g. Let h be (w*11)/(-3 - 5/(-1)). Suppose -2*o + 3 = -3*o, -5*s + 4*o = -h. List the prime factors of s.
5, 7
Let m(v) = 5*v**3 - 13*v**2 + 39*v - 7. Let k be m(3). Let w be (-1 - -5)/(-2)*-130. Let b = w - k. What are the prime factors of b?
2, 3, 11
Let f be -2 - (18/42 + (-18)/(-7)). Let y(x) = x**3 + 5*x**2 - 4*x - 3. Let u be y(f). Let l(o) = -o**2 + 20*o - 15. List the prime factors of l(u).
2, 3
Let z = 103 - 94. Let c be 14 - (1 + z/3). Suppose 5*q - 3*r = 555, 8*r = 4*q + c*r - 466. What are the prime factors of q?
2, 3, 19
Let k = 136 - 124. Let v(a) = -a**2 + 13*a - 9. Let y be v(k). Suppose 5*j = -y*w + 660, -2*j + 433 = 2*w - j. List the prime factors of w.
5, 43
Suppose 13*m - 18*m - 5*s + 128860 = 0, 32 = -4*s. What are the prime factors of m?
2, 5, 1289
Let s = 54835 - 34512. What are the prime factors of s?
20323
Let j(v) = 108*v. Let c(z) = z**3 - 5*z**2 + 5. Let n be c(5). Let h be j(n). Suppose 24*l - 18*l - h = 0. What are the prime factors of l?
2, 3, 5
Let m be ((4 + -5)*-2)/(-4)*-12. Suppose -5*u + 16 = -c, -3*c = -m*u + 2*u + 4. Suppose -2*b = c*t - 380, -88 = -3*t - 3*b + 203. List the prime factors of t.
3, 31
Let n(m) = m**3 - 18*m**2 + 9*m - 23. Let y(a) = a**2 + 9*a - 4. Let x be y(-11). Let i be n(x). List the prime factors of i/2 - (-3)/((-6)/(-1)).
2, 5, 7
List the prime factors of (-7 - 253970/(-50)) + 4/20*3.
3, 19, 89
List the prime factors of 2/3*(-243)/(-324) + 15570/4.
17, 229
Suppose -2*k = -2*y + 76758, -2 + 26 = 4*k. What are the prime factors of y?
3, 5, 853
Let d = -24807 - -32026. What are the prime factors of d?
7219
Let i = 3631 + -3244. What are the prime factors of i?
3, 43
Suppose -2*z + 12199 = 2*u + 4943, 4*z - 3*u - 14477 = 0. List the prime factors of z.
3623
Let u be (0 - -116)*(-18)/(-72). Let c be (-3)/(-21) - u/7. What are the prime factors of 347/3 + -2 + c/(-3)?
5, 23
Suppose 175055 - 929855 = -148*f. What are the prime factors of f?
2, 3, 5, 17
Let v(s) = 676*s - 4. Let o(p) = p**3 - 3*p**2 - 3*p + 1. Let b be o(0). List the prime factors of v(b).
2, 3, 7
Let s(f) = 2887*f**2 + f - 2. Let q be s(1). Suppose c + t = 443 + 997, 2*c + 5*t - q = 0. What are the prime factors of (-11)/6 + 2 + c/12?
2, 3, 5
Let m(b) = 1024*b**2 - 68*b + 147. What are the prime factors of m(2)?
3, 37
Let g = 486 + -330. Let u = 209 - g. What are the prime factors of u?
53
Suppose -3*x = -5*c + 11 + 9, -c + 4*x + 4 = 0. Suppose -28*d - 1424 = -30*d - c*s, 0 = 2*d + 3*s - 1421. List the prime factors of d.
2, 353
Suppose -3*p + 3*d = -34345 - 1289, -2*p = -d - 23750. What are the prime factors of p?
2, 7, 53
Suppose 0 = -7*m + 11*m - 28. Suppose -10*j + 531 = -m*j + 3*t, -189 = -j + 3*t. What are the prime factors of j?
2, 3, 5
Let i = 160 + -155. Suppose -458 - 272 = -i*y. What are the prime factors of y?
2, 73
List the prime factors of 13 - (-12)/((-156)/(-50557)).
2, 1951
Suppose 253029 - 833259 = -45*r. List the prime factors of r.
2, 3, 7, 307
Suppose 5*w + 44795 = 5*z, 2*z - 42*w + 47*w - 17946 = 0. What are the prime factors of z?
8963
Let g(d) = -d + 52. Let z be g(19). Let v be (-2)/6 - (-77)/z. Suppose v*i - 274 = 2*b, i - 142 = 5*b - 3*b. What are the prime factors of i?
2, 3, 11
Let d be (6 - 39)/((-15)/35). Suppose r - d = 5*c, r = -12*c + 11*c + 77. What are the prime factors of r?
7, 11
Let a(u) = -47*u + 502. Let d be a(12). Suppose -3*i = 104 - 563. Let f = i + d. What are the prime factors of f?
7, 13
Let r(i) = -i**3 + 5*i**2 + 5*i + 8. Let u be r(6). Suppose y = -1 + u. What are the prime factors of (-910)/(-13)*y/2?
5, 7
Let o = -58 - -60. Suppose -q = 5*q - o*q. Suppose q = -5*r - 0*n - n + 689, 0 = -3*r - 2*n + 419. List the prime factors of r.
137
Let s(q) = -q**2 - 18*q - 80. Let a be s(-8). Suppose -51 = -i - a*i - 4*x, 2*i + 3*x - 87 = 0. List the prime factors of i.
3, 13
Let g be 2/(-6)*-5*(-129 + 0). Let h = g + 425. What are the prime factors of (h/(-8))/((-6)/(17 + 7))?
3, 5, 7
Let m(z) = 12*z + 40. Let c be m(-3). List the prime factors of (-16)/c + 216 + 2.
2, 107
Let u = -60 + 64. Suppose -u*l + l = l. Suppose l = 4*x + 3*o - 156, -5*x - o = -7*x + 88. What are the prime factors of x?
2, 3, 7
Let j(r) = 9*r**2 - 15*r - 49. Let w(p) = -8*p**2 + 14*p + 50. Let s(b) = -5*j(b) - 6*w(b). What are the prime factors of s(-10)?
5, 67
Let y(x) = 21128*x + 336. What are the prime factors of y(1)?
2, 2683
List the prime factors of (8740/(-16))/(11/(-44)).
5, 19, 23
Let z be -5*(-2)/8 - 21/(-28). Suppose z*s + 4*w = 628 + 96, 1437 = 4*s - 3*w. Suppose 4*i - 5*k - 358 = 0, 4*i + k - s = 5*k. What are the prime factors of i?
2, 23
Let s = 325 + -2452. Let y = -1270 - s. What are the prime factors of y?
857
Suppose -5*w - 2*x + 69478 = 0, 27797 = 2*w - x - 4*x. List the prime factors of w.
2, 3, 193
Suppose -2*d + 4*m = d - 424, 2*d - 5*m = 285. Let c = d - 205. Let o = 189 + c. What are the prime factors of o?
2, 31
Let m(s) = -2254*s + 32. Let y be m(-4). Suppose -843 = 15*b - y. Suppose 6 = 6*r - 3*r, b = 5*k + r. List the prime factors of k.
109
Let y(q) = q**3 + 2*q**2 - 4. Let o be y(2). Suppose 2*g = -t, -5*t + 3*g + 14 + o = 0. Suppose 4*b = 5*c - 148, c + 5*b - t = 14. List the prime factors of c.
2, 7
Suppose -22*a = -496278 - 387220. What are the prime factors of a?
7, 5737
Let d(u) = -u**3 - 9*u**2 - 18*u - 8. Let v be d(-6). List the prime factors of 534 + v - (6 + -2).
2, 3, 29
Let q = 42 - 77. Let f be 356*(q/(-20) - 1). Let b = f + -104. List the prime factors of b.
163
Let x = 8 + 4. Suppose 3*j + j - x = -4*d, -16 = -3*j + 4*d. Suppose -j*z - 1 = -4*r - 53, 28 = 2*z - 4*r. What are the prime factors of z?
2, 3
Suppose 3*f + 4 - 100 = 0. Suppose 0 = -f*y + 33*y + 15. What are the prime factors of (y - -164) + -3*1?
2, 73
Let n be 2/4*(-336)/(-28). Suppose -3*f = -n*f + 4*j + 362, 3*f = -j + 367. Suppose -3112 = -10*c - f. List the prime factors of c.
13, 23
Suppose 87721 + 315830 = 36*n - 10557. What are the prime factors of n?
11503
Let p = -284 - -292. Suppose p*g = 5*t + 9*g - 758, -5*g - 770 = -5*t. List the prime factors of t.
2, 19
Let b be (-138)/(-9) + 2/(-6). Let j be 8 + -17 + (-3 - -7) + 108. Let c = b + j. What are the prime factors of c?
2, 59
Suppose 27*g - 666696 = -4*g + 7*g. List the prime factors of g.
27779
Suppose -11593 = -6*n + 5*n + 4*q, -n + 3*q = -11594. List the prime factors of n.
11597
Suppose 0 = 3*h + 2*z - 23912, 36419 + 3457 = 5*h + 9*z. List the prime factors of h.
2, 3, 83
Let g(s) = s**3 + 9*s**2 + 11*s + 11. Let k be g(-5). Let u = -52 + k. Let p = u - 2. List the prime factors of p.
2
Let h(x) = -x**2 - x + 6. Let c be h(4). Let r be (-1 + c/(-10))*(-4 + -6). List the prime factors of 1/r + (-72)/(-32).
2
List the prime factors of ((-1155)/44)/((-27)/3384).
2, 5, 7, 47
Let m(i) = i + 15. Let r be m(-10). Let q = -119 + 162. Let l = q - r. List the prime factors of l.
2, 19
Suppose -128*l + 191882 + 298358 = 0. What are the prime factors of l?
2, 5, 383
Suppose -410936 = -38*d + 299132. What are the prime factors of d?
2, 9343
Suppose -5*p = -3*p - 12. Let v(b) = 2*b**2 + 11*